{"id":175,"date":"2019-08-01T08:47:59","date_gmt":"2019-08-01T08:47:59","guid":{"rendered":"http:\/\/medify.wgl-demo.net\/?page_id=175"},"modified":"2021-12-27T16:47:12","modified_gmt":"2021-12-27T15:47:12","slug":"about-us","status":"publish","type":"page","link":"https:\/\/cabinetmasante.ma\/beta\/about-us\/","title":{"rendered":"Qui sommes nous"},"content":{"rendered":"\t\t<div data-elementor-type=\"wp-post\" data-elementor-id=\"175\" class=\"elementor elementor-175\" data-elementor-settings=\"[]\">\n\t\t\t\t\t\t<div class=\"elementor-inner\">\n\t\t\t\t\t\t\t<div class=\"elementor-section-wrap\">\n\t\t\t\t\t\t\t<section class=\"elementor-section elementor-top-section elementor-element elementor-element-5b78bf5 elementor-section-boxed elementor-section-height-default elementor-section-height-default\" data-id=\"5b78bf5\" data-element_type=\"section\">\n\t\t\t\t\t\t<div class=\"elementor-container elementor-column-gap-extended\">\n\t\t\t\t\t\t\t<div class=\"elementor-row\">\n\t\t\t\t\t<div class=\"elementor-column elementor-col-50 elementor-top-column elementor-element elementor-element-04ac619\" data-id=\"04ac619\" data-element_type=\"column\">\n\t\t\t<div class=\"elementor-column-wrap elementor-element-populated\">\n\t\t\t\t\t\t\t<div class=\"elementor-widget-wrap\">\n\t\t\t\t\t\t<div class=\"elementor-element elementor-element-f56fe9d elementor-invisible elementor-widget elementor-widget-image\" data-id=\"f56fe9d\" data-element_type=\"widget\" data-settings=\"{&quot;_animation&quot;:&quot;slideInLeft&quot;,&quot;_animation_tablet&quot;:&quot;none&quot;}\" data-widget_type=\"image.default\">\n\t\t\t\t<div class=\"elementor-widget-container\">\n\t\t\t\t\t\t\t\t<div class=\"elementor-image\">\n\t\t\t\t\t\t\t\t\t\t\t\t<img decoding=\"async\" src=\"https:\/\/cabinetmasante.ma\/beta\/wp-content\/uploads\/elementor\/thumbs\/photop-1-phhxv0iriigfgmyb2vqljw68kkwnrvt5apemycgx6s.png\" title=\"photop-1\" alt=\"photop-1\" \/>\t\t\t\t\t\t\t\t\t\t\t\t\t\t<\/div>\n\t\t\t\t\t\t<\/div>\n\t\t\t\t<\/div>\n\t\t\t\t\t\t<\/div>\n\t\t\t\t\t<\/div>\n\t\t<\/div>\n\t\t\t\t<div class=\"elementor-column elementor-col-50 elementor-top-column elementor-element elementor-element-4296fd7 elementor-invisible\" data-id=\"4296fd7\" data-element_type=\"column\" data-settings=\"{&quot;animation&quot;:&quot;slideInRight&quot;,&quot;animation_tablet&quot;:&quot;none&quot;}\">\n\t\t\t<div class=\"elementor-column-wrap elementor-element-populated\">\n\t\t\t\t\t\t\t<div class=\"elementor-widget-wrap\">\n\t\t\t\t\t\t<div class=\"elementor-element elementor-element-dfb7369 elementor-widget elementor-widget-spacer\" data-id=\"dfb7369\" data-element_type=\"widget\" data-widget_type=\"spacer.default\">\n\t\t\t\t<div class=\"elementor-widget-container\">\n\t\t\t\t\t<div class=\"elementor-spacer\">\n\t\t\t<div class=\"elementor-spacer-inner\"><\/div>\n\t\t<\/div>\n\t\t\t\t<\/div>\n\t\t\t\t<\/div>\n\t\t\t\t<div class=\"elementor-element elementor-element-a0e3dee elementor-widget elementor-widget-text-editor\" data-id=\"a0e3dee\" data-element_type=\"widget\" data-widget_type=\"text-editor.default\">\n\t\t\t\t<div class=\"elementor-widget-container\">\n\t\t\t\t\t\t\t\t<div class=\"elementor-text-editor elementor-clearfix\">\n\t\t\t\t<strong>Dr Chtioui Sabrine vous re\u00e7oit dans son cabinet avec ses deux assistantes Mme Khadija et Mme Zineb dans un cadre tr\u00e8s chaleureux.<\/strong>\n\nDiab\u00e9tologue, m\u00e9decin nutritionniste, elle est notamment form\u00e9e pour r\u00e9alis\u00e9 :<\/br>\n&#8211; Traitement de la douleur par Acupuncture, M\u00e9soth\u00e9rapie, Nutrition(Adultes, Enfants, Seniors).<\/br>\n&#8211; Psycho-nutrition (pour contr\u00f4ler les compulsions alimentaires et am\u00e9liorer la relation \u00e0 l\u2019alimentation).<\/br>\n&#8211; Cure et Prise en charge globale du surpoids de l\u2019Ob\u00e9sit\u00e9 et des Troubles alimentaires avec programme complet de remodelage(r\u00e9\u00e9ducation alimentaire, soins d\u2019Amincissement)<\/br> &#8211; l\u2019Hypnose ( Traitement d\u2019Addiction, Prise en Charge Psychologique).<\/br>\nTr\u00e8s \u00e0 l\u2019\u00e9coute, Dr Chtioui s\u2019attache \u00e0 prendre le temps d\u2019expliquer avec p\u00e9dagogie les traitements \u00e0 ses patients.\t\t\t\t\t<\/div>\n\t\t\t\t\t\t<\/div>\n\t\t\t\t<\/div>\n\t\t\t\t<div class=\"elementor-element elementor-element-5f04617 elementor-widget elementor-widget-heading\" data-id=\"5f04617\" data-element_type=\"widget\" data-widget_type=\"heading.default\">\n\t\t\t\t<div class=\"elementor-widget-container\">\n\t\t\t<h3 class=\"elementor-heading-title elementor-size-default\">Pr\u00e9sentation<\/h3>\t\t<\/div>\n\t\t\t\t<\/div>\n\t\t\t\t<div class=\"elementor-element elementor-element-ff3dafe elementor-widget elementor-widget-text-editor\" data-id=\"ff3dafe\" data-element_type=\"widget\" data-widget_type=\"text-editor.default\">\n\t\t\t\t<div class=\"elementor-widget-container\">\n\t\t\t\t\t\t\t\t<div class=\"elementor-text-editor elementor-clearfix\">\n\t\t\t\t<p style=\"text-align: left;\">Dipl\u00f4me universitaire en diab\u00e9tologie.<br \/>Dipl\u00f4me universitaire en nutrition et di\u00e9t\u00e9tique.<br \/>Dipl\u00f4me universitaire d&#8217;\u00e9chographie g\u00e9n\u00e9rale.<br \/>\u00c9lectrocardiogramme(ECG).<br \/>M\u00e9soth\u00e9rapie- Acupuncture- Auriculoth\u00e9rapie.<br \/>Dipl\u00f4me en Hypnose M\u00e9dicale et Hom\u00e9opathie.<br \/>Universit\u00e9 de m\u00e9decin Paris XII.<\/p>\t\t\t\t\t<\/div>\n\t\t\t\t\t\t<\/div>\n\t\t\t\t<\/div>\n\t\t\t\t<div class=\"elementor-element elementor-element-63e0296 elementor-widget elementor-widget-spacer\" data-id=\"63e0296\" data-element_type=\"widget\" data-widget_type=\"spacer.default\">\n\t\t\t\t<div class=\"elementor-widget-container\">\n\t\t\t\t\t<div class=\"elementor-spacer\">\n\t\t\t<div class=\"elementor-spacer-inner\"><\/div>\n\t\t<\/div>\n\t\t\t\t<\/div>\n\t\t\t\t<\/div>\n\t\t\t\t\t\t<\/div>\n\t\t\t\t\t<\/div>\n\t\t<\/div>\n\t\t\t\t\t\t\t\t<\/div>\n\t\t\t\t\t<\/div>\n\t\t<\/section>\n\t\t\t\t<section class=\"elementor-section elementor-top-section elementor-element elementor-element-09bf7d9 elementor-section-boxed elementor-section-height-default elementor-section-height-default\" data-id=\"09bf7d9\" data-element_type=\"section\">\n\t\t\t\t\t\t<div class=\"elementor-container elementor-column-gap-default\">\n\t\t\t\t\t\t\t<div class=\"elementor-row\">\n\t\t\t\t\t<div class=\"elementor-column elementor-col-33 elementor-top-column elementor-element elementor-element-f2449bc\" data-id=\"f2449bc\" data-element_type=\"column\">\n\t\t\t<div class=\"elementor-column-wrap\">\n\t\t\t\t\t\t\t<div class=\"elementor-widget-wrap\">\n\t\t\t\t\t\t\t\t<\/div>\n\t\t\t\t\t<\/div>\n\t\t<\/div>\n\t\t\t\t<div class=\"elementor-column elementor-col-33 elementor-top-column elementor-element elementor-element-959f4d1\" data-id=\"959f4d1\" data-element_type=\"column\">\n\t\t\t<div class=\"elementor-column-wrap elementor-element-populated\">\n\t\t\t\t\t\t\t<div class=\"elementor-widget-wrap\">\n\t\t\t\t\t\t<div class=\"elementor-element elementor-element-6ea0f8f elementor-widget elementor-widget-spacer\" data-id=\"6ea0f8f\" data-element_type=\"widget\" data-widget_type=\"spacer.default\">\n\t\t\t\t<div class=\"elementor-widget-container\">\n\t\t\t\t\t<div class=\"elementor-spacer\">\n\t\t\t<div class=\"elementor-spacer-inner\"><\/div>\n\t\t<\/div>\n\t\t\t\t<\/div>\n\t\t\t\t<\/div>\n\t\t\t\t<div class=\"elementor-element elementor-element-221ebde elementor-widget elementor-widget-wgl-double-headings\" data-id=\"221ebde\" data-element_type=\"widget\" data-widget_type=\"wgl-double-headings.default\">\n\t\t\t\t<div class=\"elementor-widget-container\">\n\t\t\t<div class=\"wgl-double_heading acenter\"><div class=\"dbl-subtitle\"><span>Services<\/span><\/div>                <h3 class=\"dbl-title_wrapper\"><span class=\"dbl-title dbl-title_1\">Cabinet ma sant\u00e9<\/span>                 <\/h3>        <\/div>\t\t<\/div>\n\t\t\t\t<\/div>\n\t\t\t\t<div class=\"elementor-element elementor-element-9649eb4 elementor-widget elementor-widget-text-editor\" data-id=\"9649eb4\" data-element_type=\"widget\" data-widget_type=\"text-editor.default\">\n\t\t\t\t<div class=\"elementor-widget-container\">\n\t\t\t\t\t\t\t\t<div class=\"elementor-text-editor elementor-clearfix\">\n\t\t\t\t<p style=\"text-align: center;\">Tr\u00e8s \u00e0 l&#8217;\u00e9coute.Dr Sabrine CHTIOUI veille \u00e0 prendre le temps d&#8217;expliquer avec pdagogie les traitements \u00e0 ses patients.<\/p>\t\t\t\t\t<\/div>\n\t\t\t\t\t\t<\/div>\n\t\t\t\t<\/div>\n\t\t\t\t\t\t<\/div>\n\t\t\t\t\t<\/div>\n\t\t<\/div>\n\t\t\t\t<div class=\"elementor-column elementor-col-33 elementor-top-column elementor-element elementor-element-570d0a6\" data-id=\"570d0a6\" data-element_type=\"column\">\n\t\t\t<div class=\"elementor-column-wrap\">\n\t\t\t\t\t\t\t<div class=\"elementor-widget-wrap\">\n\t\t\t\t\t\t\t\t<\/div>\n\t\t\t\t\t<\/div>\n\t\t<\/div>\n\t\t\t\t\t\t\t\t<\/div>\n\t\t\t\t\t<\/div>\n\t\t<\/section>\n\t\t\t\t<section class=\"elementor-section elementor-top-section elementor-element elementor-element-b05852e elementor-section-boxed elementor-section-height-default elementor-section-height-default\" data-id=\"b05852e\" data-element_type=\"section\">\n\t\t\t\t\t\t<div class=\"elementor-container elementor-column-gap-default\">\n\t\t\t\t\t\t\t<div class=\"elementor-row\">\n\t\t\t\t\t<div class=\"elementor-column elementor-col-100 elementor-top-column elementor-element elementor-element-a4fb5b2\" data-id=\"a4fb5b2\" data-element_type=\"column\">\n\t\t\t<div class=\"elementor-column-wrap elementor-element-populated\">\n\t\t\t\t\t\t\t<div class=\"elementor-widget-wrap\">\n\t\t\t\t\t\t<section class=\"elementor-section elementor-inner-section elementor-element elementor-element-0c19a2a elementor-section-boxed elementor-section-height-default elementor-section-height-default\" data-id=\"0c19a2a\" data-element_type=\"section\">\n\t\t\t\t\t\t<div class=\"elementor-container elementor-column-gap-default\">\n\t\t\t\t\t\t\t<div class=\"elementor-row\">\n\t\t\t\t\t<div class=\"elementor-column elementor-col-33 elementor-inner-column elementor-element elementor-element-9ff21f3\" data-id=\"9ff21f3\" data-element_type=\"column\">\n\t\t\t<div class=\"elementor-column-wrap elementor-element-populated\">\n\t\t\t\t\t\t\t<div class=\"elementor-widget-wrap\">\n\t\t\t\t\t\t<div class=\"elementor-element elementor-element-3f626a1 elementor-widget-image-box wgl-image-box elementor-widget elementor-widget-wgl-services-2\" data-id=\"3f626a1\" data-element_type=\"widget\" data-widget_type=\"wgl-services-2.default\">\n\t\t\t\t<div class=\"elementor-widget-container\">\n\t\t\t        <div class=\"wgl-services-2\">\r\n            <div class=\"wgl-services_wrap\">                <div class=\"wgl-services_media-wrap\">\r\n                    <div class=\"wgl-services_circle-wrapper\" style=\"width: 78px; height: 78px; left: 16px; top: 16px;\"><div class=\"wgl-services_circle\"><\/div><\/div>\r\n                    <div class=\"wgl-services_circle-wrapper\" style=\"width: 78px; height: 78px; left: 16px; top: 16px;\"><div class=\"wgl-services_circle\"><\/div><\/div><div class=\"wgl-widget_wrapper elementor-image-box-img\"><div class=\"wgl-widget_container\"><div class=\"wgl-image-box_img\"><span ><img loading=\"lazy\" decoding=\"async\" width=\"70\" height=\"70\" src=\"https:\/\/cabinetmasante.ma\/beta\/wp-content\/uploads\/2021\/12\/2-copie.png\" class=\"attachment-full size-full\" alt=\"\" \/><\/span><\/div><\/div><\/div>                <\/div>                <div class=\"wgl-services_content-wrap\">\r\n                    <h3 class=\"wgl-services_title\">Th\u00e9rapies psychologiques<\/h3>                <\/div>                    <a class=\"wgl-services_item-link\" href=\"https:\/\/cabinetmasante.ma\/beta\/therapies-psychologiques\/\"><\/a>            <\/div>\r\n        <\/div>\r\n\r\n        \t\t<\/div>\n\t\t\t\t<\/div>\n\t\t\t\t\t\t<\/div>\n\t\t\t\t\t<\/div>\n\t\t<\/div>\n\t\t\t\t<div class=\"elementor-column elementor-col-33 elementor-inner-column elementor-element elementor-element-86737b3\" data-id=\"86737b3\" data-element_type=\"column\">\n\t\t\t<div class=\"elementor-column-wrap elementor-element-populated\">\n\t\t\t\t\t\t\t<div class=\"elementor-widget-wrap\">\n\t\t\t\t\t\t<div class=\"elementor-element elementor-element-32d4e56 elementor-widget-image-box wgl-image-box elementor-widget elementor-widget-wgl-services-2\" data-id=\"32d4e56\" data-element_type=\"widget\" data-widget_type=\"wgl-services-2.default\">\n\t\t\t\t<div class=\"elementor-widget-container\">\n\t\t\t        <div class=\"wgl-services-2\">\r\n            <div class=\"wgl-services_wrap\">                <div class=\"wgl-services_media-wrap\">\r\n                    <div class=\"wgl-services_circle-wrapper\" style=\"width: 78px; height: 78px; left: 16px; top: 16px;\"><div class=\"wgl-services_circle\"><\/div><\/div>\r\n                    <div class=\"wgl-services_circle-wrapper\" style=\"width: 78px; height: 78px; left: 16px; top: 16px;\"><div class=\"wgl-services_circle\"><\/div><\/div><div class=\"wgl-widget_wrapper elementor-image-box-img\"><div class=\"wgl-widget_container\"><div class=\"wgl-image-box_img\"><span ><img loading=\"lazy\" decoding=\"async\" width=\"70\" height=\"70\" src=\"https:\/\/cabinetmasante.ma\/beta\/wp-content\/uploads\/2021\/12\/4-copie.png\" class=\"attachment-full size-full\" alt=\"\" \/><\/span><\/div><\/div><\/div>                <\/div>                <div class=\"wgl-services_content-wrap\">\r\n                    <h3 class=\"wgl-services_title\">Nutrition<\/h3>                <\/div>                    <a class=\"wgl-services_item-link\" href=\"https:\/\/cabinetmasante.ma\/beta\/nutrition\/\"><\/a>            <\/div>\r\n        <\/div>\r\n\r\n        \t\t<\/div>\n\t\t\t\t<\/div>\n\t\t\t\t\t\t<\/div>\n\t\t\t\t\t<\/div>\n\t\t<\/div>\n\t\t\t\t<div class=\"elementor-column elementor-col-33 elementor-inner-column elementor-element elementor-element-cbc4b16\" data-id=\"cbc4b16\" data-element_type=\"column\">\n\t\t\t<div class=\"elementor-column-wrap elementor-element-populated\">\n\t\t\t\t\t\t\t<div class=\"elementor-widget-wrap\">\n\t\t\t\t\t\t<div class=\"elementor-element elementor-element-8d57016 elementor-widget-image-box wgl-image-box elementor-widget elementor-widget-wgl-services-2\" data-id=\"8d57016\" data-element_type=\"widget\" data-widget_type=\"wgl-services-2.default\">\n\t\t\t\t<div class=\"elementor-widget-container\">\n\t\t\t        <div class=\"wgl-services-2\">\r\n            <div class=\"wgl-services_wrap\">                <div class=\"wgl-services_media-wrap\">\r\n                    <div class=\"wgl-services_circle-wrapper\" style=\"width: 78px; height: 78px; left: 16px; top: 16px;\"><div class=\"wgl-services_circle\"><\/div><\/div>\r\n                    <div class=\"wgl-services_circle-wrapper\" style=\"width: 78px; height: 78px; left: 16px; top: 16px;\"><div class=\"wgl-services_circle\"><\/div><\/div><div class=\"wgl-widget_wrapper elementor-image-box-img\"><div class=\"wgl-widget_container\"><div class=\"wgl-image-box_img\"><span ><img loading=\"lazy\" decoding=\"async\" width=\"70\" height=\"70\" src=\"https:\/\/cabinetmasante.ma\/beta\/wp-content\/uploads\/2021\/12\/3-copie.png\" class=\"attachment-full size-full\" alt=\"\" \/><\/span><\/div><\/div><\/div>                <\/div>                <div class=\"wgl-services_content-wrap\">\r\n                    <h3 class=\"wgl-services_title\">L\u2019ob\u00e9sit\u00e9<\/h3>                <\/div>                    <a class=\"wgl-services_item-link\" href=\"https:\/\/cabinetmasante.ma\/beta\/lobesite\/\"><\/a>            <\/div>\r\n        <\/div>\r\n\r\n        \t\t<\/div>\n\t\t\t\t<\/div>\n\t\t\t\t\t\t<\/div>\n\t\t\t\t\t<\/div>\n\t\t<\/div>\n\t\t\t\t\t\t\t\t<\/div>\n\t\t\t\t\t<\/div>\n\t\t<\/section>\n\t\t\t\t<section class=\"elementor-section elementor-inner-section elementor-element elementor-element-b7d87aa elementor-section-boxed elementor-section-height-default elementor-section-height-default\" data-id=\"b7d87aa\" data-element_type=\"section\">\n\t\t\t\t\t\t<div class=\"elementor-container elementor-column-gap-default\">\n\t\t\t\t\t\t\t<div class=\"elementor-row\">\n\t\t\t\t\t<div class=\"elementor-column elementor-col-33 elementor-inner-column elementor-element elementor-element-a5dd290\" data-id=\"a5dd290\" data-element_type=\"column\">\n\t\t\t<div class=\"elementor-column-wrap elementor-element-populated\">\n\t\t\t\t\t\t\t<div class=\"elementor-widget-wrap\">\n\t\t\t\t\t\t<div class=\"elementor-element elementor-element-a92788a elementor-widget-image-box wgl-image-box elementor-widget elementor-widget-wgl-services-2\" data-id=\"a92788a\" data-element_type=\"widget\" data-widget_type=\"wgl-services-2.default\">\n\t\t\t\t<div class=\"elementor-widget-container\">\n\t\t\t        <div class=\"wgl-services-2\">\r\n            <div class=\"wgl-services_wrap\">                <div class=\"wgl-services_media-wrap\">\r\n                    <div class=\"wgl-services_circle-wrapper\" style=\"width: 78px; height: 78px; left: 16px; top: 16px;\"><div class=\"wgl-services_circle\"><\/div><\/div>\r\n                    <div class=\"wgl-services_circle-wrapper\" style=\"width: 78px; height: 78px; left: 16px; top: 16px;\"><div class=\"wgl-services_circle\"><\/div><\/div><div class=\"wgl-widget_wrapper elementor-image-box-img\"><div class=\"wgl-widget_container\"><div class=\"wgl-image-box_img\"><span ><img loading=\"lazy\" decoding=\"async\" width=\"70\" height=\"70\" src=\"https:\/\/cabinetmasante.ma\/beta\/wp-content\/uploads\/2021\/12\/1-copie.png\" class=\"attachment-full size-full\" alt=\"\" \/><\/span><\/div><\/div><\/div>                <\/div>                <div class=\"wgl-services_content-wrap\">\r\n                    <h3 class=\"wgl-services_title\">M\u00e9decine g\u00e9n\u00e9rale<\/h3>                <\/div>                    <a class=\"wgl-services_item-link\" href=\"https:\/\/cabinetmasante.ma\/beta\/medecine-generale\/\"><\/a>            <\/div>\r\n        <\/div>\r\n\r\n        \t\t<\/div>\n\t\t\t\t<\/div>\n\t\t\t\t\t\t<\/div>\n\t\t\t\t\t<\/div>\n\t\t<\/div>\n\t\t\t\t<div class=\"elementor-column elementor-col-33 elementor-inner-column elementor-element elementor-element-89c4b2c\" data-id=\"89c4b2c\" data-element_type=\"column\">\n\t\t\t<div class=\"elementor-column-wrap elementor-element-populated\">\n\t\t\t\t\t\t\t<div class=\"elementor-widget-wrap\">\n\t\t\t\t\t\t<div class=\"elementor-element elementor-element-998a5b8 elementor-widget-image-box wgl-image-box elementor-widget elementor-widget-wgl-services-2\" data-id=\"998a5b8\" data-element_type=\"widget\" data-widget_type=\"wgl-services-2.default\">\n\t\t\t\t<div class=\"elementor-widget-container\">\n\t\t\t        <div class=\"wgl-services-2\">\r\n            <div class=\"wgl-services_wrap\">                <div class=\"wgl-services_media-wrap\">\r\n                    <div class=\"wgl-services_circle-wrapper\" style=\"width: 78px; height: 78px; left: 16px; top: 16px;\"><div class=\"wgl-services_circle\"><\/div><\/div>\r\n                    <div class=\"wgl-services_circle-wrapper\" style=\"width: 78px; height: 78px; left: 16px; top: 16px;\"><div class=\"wgl-services_circle\"><\/div><\/div><div class=\"wgl-widget_wrapper elementor-image-box-img\"><div class=\"wgl-widget_container\"><div class=\"wgl-image-box_img\"><span ><img loading=\"lazy\" decoding=\"async\" width=\"70\" height=\"70\" src=\"https:\/\/cabinetmasante.ma\/beta\/wp-content\/uploads\/2021\/12\/6-copie.png\" class=\"attachment-full size-full\" alt=\"\" \/><\/span><\/div><\/div><\/div>                <\/div>                <div class=\"wgl-services_content-wrap\">\r\n                    <h3 class=\"wgl-services_title\">Diab\u00e8te<\/h3>                <\/div>                    <a class=\"wgl-services_item-link\" href=\"https:\/\/cabinetmasante.ma\/beta\/diabete\/\"><\/a>            <\/div>\r\n        <\/div>\r\n\r\n        \t\t<\/div>\n\t\t\t\t<\/div>\n\t\t\t\t\t\t<\/div>\n\t\t\t\t\t<\/div>\n\t\t<\/div>\n\t\t\t\t<div class=\"elementor-column elementor-col-33 elementor-inner-column elementor-element elementor-element-ad18fe0\" data-id=\"ad18fe0\" data-element_type=\"column\">\n\t\t\t<div class=\"elementor-column-wrap elementor-element-populated\">\n\t\t\t\t\t\t\t<div class=\"elementor-widget-wrap\">\n\t\t\t\t\t\t<div class=\"elementor-element elementor-element-54263b2 elementor-widget-image-box wgl-image-box elementor-widget elementor-widget-wgl-services-2\" data-id=\"54263b2\" data-element_type=\"widget\" data-widget_type=\"wgl-services-2.default\">\n\t\t\t\t<div class=\"elementor-widget-container\">\n\t\t\t        <div class=\"wgl-services-2\">\r\n            <div class=\"wgl-services_wrap\">                <div class=\"wgl-services_media-wrap\">\r\n                    <div class=\"wgl-services_circle-wrapper\" style=\"width: 78px; height: 78px; left: 16px; top: 16px;\"><div class=\"wgl-services_circle\"><\/div><\/div>\r\n                    <div class=\"wgl-services_circle-wrapper\" style=\"width: 78px; height: 78px; left: 16px; top: 16px;\"><div class=\"wgl-services_circle\"><\/div><\/div><div class=\"wgl-widget_wrapper elementor-image-box-img\"><div class=\"wgl-widget_container\"><div class=\"wgl-image-box_img\"><span ><img loading=\"lazy\" decoding=\"async\" width=\"70\" height=\"70\" src=\"https:\/\/cabinetmasante.ma\/beta\/wp-content\/uploads\/2021\/12\/5-copie.png\" class=\"attachment-full size-full\" alt=\"\" \/><\/span><\/div><\/div><\/div>                <\/div>                <div class=\"wgl-services_content-wrap\">\r\n                    <h3 class=\"wgl-services_title\">M\u00e9decine douce<\/h3>                <\/div>                    <a class=\"wgl-services_item-link\" href=\"https:\/\/cabinetmasante.ma\/beta\/medecine-douce\/\"><\/a>            <\/div>\r\n        <\/div>\r\n\r\n        \t\t<\/div>\n\t\t\t\t<\/div>\n\t\t\t\t\t\t<\/div>\n\t\t\t\t\t<\/div>\n\t\t<\/div>\n\t\t\t\t\t\t\t\t<\/div>\n\t\t\t\t\t<\/div>\n\t\t<\/section>\n\t\t\t\t\t\t<\/div>\n\t\t\t\t\t<\/div>\n\t\t<\/div>\n\t\t\t\t\t\t\t\t<\/div>\n\t\t\t\t\t<\/div>\n\t\t<\/section>\n\t\t\t\t\t\t<\/div>\n\t\t\t\t\t\t<\/div>\n\t\t\t\t\t<\/div>\n\t\t","protected":false},"excerpt":{"rendered":"<p>Dr Chtioui Sabrine vous re\u00e7oit dans son cabinet avec ses deux assistantes Mme Khadija et Mme Zineb dans un cadre tr\u00e8s chaleureux. Diab\u00e9tologue, m\u00e9decin nutritionniste, elle est notamment form\u00e9e pour r\u00e9alis\u00e9 : &#8211; Traitement de la douleur par Acupuncture, M\u00e9soth\u00e9rapie, Nutrition(Adultes, Enfants, Seniors). &#8211; Psycho-nutrition (pour contr\u00f4ler les compulsions alimentaires et am\u00e9liorer la relation \u00e0 [&hellip;]<\/p>\n","protected":false},"author":1,"featured_media":0,"parent":0,"menu_order":0,"comment_status":"closed","ping_status":"closed","template":"","meta":{"footnotes":""},"class_list":["post-175","page","type-page","status-publish","hentry"],"_links":{"self":[{"href":"https:\/\/cabinetmasante.ma\/beta\/wp-json\/wp\/v2\/pages\/175","targetHints":{"allow":["GET"]}}],"collection":[{"href":"https:\/\/cabinetmasante.ma\/beta\/wp-json\/wp\/v2\/pages"}],"about":[{"href":"https:\/\/cabinetmasante.ma\/beta\/wp-json\/wp\/v2\/types\/page"}],"author":[{"embeddable":true,"href":"https:\/\/cabinetmasante.ma\/beta\/wp-json\/wp\/v2\/users\/1"}],"replies":[{"embeddable":true,"href":"https:\/\/cabinetmasante.ma\/beta\/wp-json\/wp\/v2\/comments?post=175"}],"version-history":[{"count":34,"href":"https:\/\/cabinetmasante.ma\/beta\/wp-json\/wp\/v2\/pages\/175\/revisions"}],"predecessor-version":[{"id":2470,"href":"https:\/\/cabinetmasante.ma\/beta\/wp-json\/wp\/v2\/pages\/175\/revisions\/2470"}],"wp:attachment":[{"href":"https:\/\/cabinetmasante.ma\/beta\/wp-json\/wp\/v2\/media?parent=175"}],"curies":[{"name":"wp","href":"https:\/\/api.w.org\/{rel}","templated":true}]}}